{"id":13,"date":"2016-08-12T11:04:51","date_gmt":"2016-08-12T09:04:51","guid":{"rendered":"http:\/\/skilehrer.de\/?page_id=13"},"modified":"2025-10-23T21:35:51","modified_gmt":"2025-10-23T19:35:51","slug":"ueber-uns","status":"publish","type":"page","link":"https:\/\/skilehrer.de\/?page_id=13","title":{"rendered":"\u00fcber Heino Kuhlemann Ski, IT + Medizin"},"content":{"rendered":"<p>Qualifikationen Heino Kuhlemann:<\/p>\n<ul>\n<li>Skifahrer seit 1973, Trainer A (DOSB, Breitensport), DSV-Skilehrer und -Landesausbilder, viele Jahre im Landeslehrteam (Skilehrer-Ausbilder) von 1994 bis 2016, auch als Ausbildungsleiter \/ Verbandslehrwart f\u00fcr die Skilehrer-Ausbildung im WSV &#8211; als Ausbilder in \u00d6sterreich, Italien, Frankreich, USA (Colorado) und Deutschland.<br \/>Seit \u00fcber 35 Jahren Erfahrung mit Sport-Events von kleinen individuellen Veranstaltungen bis zu Gro\u00dfereignissen in allen Altersklassen (Jugendfahren, Erwachsene, Senioren), Artist bei den Willy Bogner Winterspielen.<\/li>\n<li>\u00dcber 30 Jahre im Business Medizin-IT, seit \u00fcber 20 Jahren in gesch\u00e4ftsf\u00fchrenden Positionen<\/li>\n<li>Diplom-Informatiker der Medizin und Gesch\u00e4ftsf\u00fchrer der KUHLEMANN Medical IT Valley GmbH<\/li>\n<\/ul>\n<p>\u00a0<\/p>\n\n\n<figure class=\"wp-block-image size-full\"><a href=\"https:\/\/skilehrer.de\/wp-content\/uploads\/2025\/03\/cropped-cropped-IMG_9335.png\"><img loading=\"lazy\" decoding=\"async\" width=\"512\" height=\"512\" src=\"https:\/\/skilehrer.de\/wp-content\/uploads\/2025\/03\/cropped-cropped-IMG_9335.png\" alt=\"\" class=\"wp-image-852\" srcset=\"https:\/\/skilehrer.de\/wp-content\/uploads\/2025\/03\/cropped-cropped-IMG_9335.png 512w, https:\/\/skilehrer.de\/wp-content\/uploads\/2025\/03\/cropped-cropped-IMG_9335-300x300.png 300w, https:\/\/skilehrer.de\/wp-content\/uploads\/2025\/03\/cropped-cropped-IMG_9335-150x150.png 150w, https:\/\/skilehrer.de\/wp-content\/uploads\/2025\/03\/cropped-cropped-IMG_9335-432x432.png 432w, https:\/\/skilehrer.de\/wp-content\/uploads\/2025\/03\/cropped-cropped-IMG_9335-268x268.png 268w, https:\/\/skilehrer.de\/wp-content\/uploads\/2025\/03\/cropped-cropped-IMG_9335-270x270.png 270w, https:\/\/skilehrer.de\/wp-content\/uploads\/2025\/03\/cropped-cropped-IMG_9335-192x192.png 192w, https:\/\/skilehrer.de\/wp-content\/uploads\/2025\/03\/cropped-cropped-IMG_9335-180x180.png 180w, https:\/\/skilehrer.de\/wp-content\/uploads\/2025\/03\/cropped-cropped-IMG_9335-32x32.png 32w\" sizes=\"auto, (max-width: 512px) 100vw, 512px\" \/><\/a><\/figure>\n","protected":false},"excerpt":{"rendered":"<p>Qualifikationen Heino Kuhlemann: Skifahrer seit 1973, Trainer A (DOSB, Breitensport), DSV-Skilehrer und -Landesausbilder, viele Jahre im Landeslehrteam (Skilehrer-Ausbilder)<\/p>\n","protected":false},"author":1,"featured_media":0,"parent":0,"menu_order":0,"comment_status":"closed","ping_status":"closed","template":"","meta":{"footnotes":""},"class_list":["post-13","page","type-page","status-publish","hentry"],"_links":{"self":[{"href":"https:\/\/skilehrer.de\/index.php?rest_route=\/wp\/v2\/pages\/13","targetHints":{"allow":["GET"]}}],"collection":[{"href":"https:\/\/skilehrer.de\/index.php?rest_route=\/wp\/v2\/pages"}],"about":[{"href":"https:\/\/skilehrer.de\/index.php?rest_route=\/wp\/v2\/types\/page"}],"author":[{"embeddable":true,"href":"https:\/\/skilehrer.de\/index.php?rest_route=\/wp\/v2\/users\/1"}],"replies":[{"embeddable":true,"href":"https:\/\/skilehrer.de\/index.php?rest_route=%2Fwp%2Fv2%2Fcomments&post=13"}],"version-history":[{"count":55,"href":"https:\/\/skilehrer.de\/index.php?rest_route=\/wp\/v2\/pages\/13\/revisions"}],"predecessor-version":[{"id":857,"href":"https:\/\/skilehrer.de\/index.php?rest_route=\/wp\/v2\/pages\/13\/revisions\/857"}],"wp:attachment":[{"href":"https:\/\/skilehrer.de\/index.php?rest_route=%2Fwp%2Fv2%2Fmedia&parent=13"}],"curies":[{"name":"wp","href":"https:\/\/api.w.org\/{rel}","templated":true}]}}